nder when 37996381 is divided by 24?
13
What is the remainder when 12594512 is divided by 2815?
202
Calculate the remainder when 670011 is divided by 877.
860
Calculate the remainder when 97610 is divided by 3249.
140
What is the remainder when 99774 is divided by 94804?
4970
What is the remainder when 1355558 is divided by 1198?
620
Calculate the remainder when 1697059 is divided by 282790.
319
Calculate the remainder when 13110882 is divided by 1366.
14
Calculate the remainder when 140726 is divided by 15636.
2
Calculate the remainder when 18446985 is divided by 377.
375
Calculate the remainder when 339705 is divided by 210.
135
What is the remainder when 66816883 is divided by 15?
13
What is the remainder when 43181536 is divided by 844?
808
What is the remainder when 350403431 is divided by 1668?
1667
What is the remainder when 2930345 is divided by 191?
23
Calculate the remainder when 2405904 is divided by 211.
82
Calculate the remainder when 3644435 is divided by 41.
27
Calculate the remainder when 1274797 is divided by 424910.
67
Calculate the remainder when 1205656453 is divided by 17.
14
Calculate the remainder when 116894 is divided by 795.
29
Calculate the remainder when 61829 is divided by 61698.
131
What is the remainder when 24052524 is divided by 49?
41
Calculate the remainder when 122736266 is divided by 12273626.
6
What is the remainder when 1159475 is divided by 3400?
75
Calculate the remainder when 28505 is divided by 310.
295
What is the remainder when 391718 is divided by 1850?
1368
What is the remainder when 2011010 is divided by 3079?
423
Calculate the remainder when 557256 is divided by 12114.
12
What is the remainder when 245394773 is divided by 176543?
3
Calculate the remainder when 656096 is divided by 6496.
0
What is the remainder when 25572780 is divided by 8524257?
9
Calculate the remainder when 237758 is divided by 1144.
950
What is the remainder when 62115114 is divided by 20705032?
18
What is the remainder when 54450 is divided by 3655?
3280
What is the remainder when 6880125 is divided by 131?
5
What is the remainder when 154931 is divided by 1303?
1177
Calculate the remainder when 577570 is divided by 91.
84
Calculate the remainder when 301973 is divided by 19.
6
What is the remainder when 16594531 is divided by 6743?
8
What is the remainder when 4826 is divided by 442?
406
What is the remainder when 3213071 is divided by 14?
1
Calculate the remainder when 22696 is divided by 3226.
114
What is the remainder when 81731 is divided by 327?
308
What is the remainder when 475687 is divided by 26?
17
What is the remainder when 893240 is divided by 9?
8
Calculate the remainder when 24515380 is divided by 8171765.
85
What is the remainder when 4939465 is divided by 739?
728
What is the remainder when 3290778 is divided by 4868?
10
Calculate the remainder when 22558990 is divided by 234.
220
What is the remainder when 515663 is divided by 8867?
1377
What is the remainder when 96433 is divided by 2916?
205
Calculate the remainder when 70972 is divided by 1961.
376
What is the remainder when 7967349 is divided by 471?
384
What is the remainder when 53977 is divided by 1456?
105
Calculate the remainder when 485057 is divided by 22048.
1
What is the remainder when 1279530 is divided by 250?
30
What is the remainder when 5487489 is divided by 789?
783
Calculate the remainder when 1594903 is divided by 512.
23
Calculate the remainder when 15362304 is divided by 446.
280
What is the remainder when 80501 is divided by 19155?
3881
What is the remainder when 810645 is divided by 229?
214
Calculate the remainder when 45787116 is divided by 11446777.
8
Calculate the remainder when 7399294 is divided by 15.
4
Calculate the remainder when 2567675 is divided by 278.
67
What is the remainder when 631623 is divided by 631470?
153
What is the remainder when 8797045 is divided by 18?
13
What is the remainder when 24280 is divided by 3215?
1775
What is the remainder when 2217959 is divided by 554456?
135
What is the remainder when 699944 is divided by 349904?
136
Calculate the remainder when 208542018 is divided by 20.
18
What is the remainder when 32769903 is divided by 1599?
1596
Calculate the remainder when 17261519 is divided by 170906.
13
What is the remainder when 93750 is divided by 733?
659
What is the remainder when 230717 is divided by 10076?
9045
Calculate the remainder when 410966 is divided by 410742.
224
Calculate the remainder when 383995895 is divided by 389.
380
What is the remainder when 1443026 is divided by 131172?
134
What is the remainder when 1571317 is divided by 13316?
29
What is the remainder when 19778615 is divided by 539?
10
What is the remainder when 56059 is divided by 54448?
1611
Calculate the remainder when 1449397 is divided by 2166.
343
What is the remainder when 456835 is divided by 152267?
34
Calculate the remainder when 174896 is divided by 2133.
2123
Calculate the remainder when 3240 is divided by 2115.
1125
What is the remainder when 3921892 is divided by 1306?
1280
What is the remainder when 190107 is divided by 683?
233
What is the remainder when 190614 is divided by 1176?
102
What is the remainder when 53070 is divided by 344?
94
What is the remainder when 428770 is divided by 107123?
278
Calculate the remainder when 6071951 is divided by 2840.
31
What is the remainder when 15606268 is divided by 472917?
7
What is the remainder when 51482 is divided by 146?
90
Calculate the remainder when 4111910 is divided by 529.
522
Calculate the remainder when 21420042 is divided by 2380004.
6
What is the remainder when 84594 is divided by 6483?
315
What is the remainder when 27198 is divided by 4531?
12
What is the remainder when 7947616 is divided by 2649194?
34
Calculate the remainder when 44091944 is divided by 472.
64
Calculate the remainder when 55680 is divided by 3955.
310
What is the remainder when 7627640 is divided by 14?
6
Calculate the remainder when 1920115 is divided by 384022.
5
What is the remainder when 2504521 is divided by 626128?
9
What is the remainder when 5226949 is divided by 1306734?
13
What is the remainder when 12465763 is divided by 117?
115
Calculate the remainder when 2473094 is divided by 1160.
1134
What is the remainder when 27317386 is divided by 14?
12
Calculate the remainder when 266266 is divided by 53157.
481
What is the remainder when 1257531 is divided by 100?
31
Calculate the remainder when 129656936 is divided by 15.
11
What is the remainder when 4754887 is divided by 149?
148
What is the remainder when 77288361 is divided by 108?
105
What is the remainder when 163335 is divided by 27183?
237
Calculate the remainder when 11199574 is divided by 1052.
1034
What is the remainder when 63550 is divided by 63387?
163
What is the remainder when 4452679 is divided by 556584?
7
What is the remainder when 12503789 is divided by 167?
165
What is the remainder when 5870224 is divided by 189?
73
Calculate the remainder when 12302320 is divided by 161.
149
Calculate the remainder when 351297 is divided by 1233.
1125
Calculate the remainder when 21936 is divided by 73.
36
Calculate the remainder when 204204 is divided by 11342.
48
Calculate the remainder when 827357090 is divided by 183.
182
What is the remainder when 123285 is divided by 421?
353
Calculate the remainder when 4105166 is divided by 11.
10
Calculate the remainder when 824342 is divided by 69.
68
What is the remainder when 30165559 is divided by 15113?
11
What is the remainder when 3818279 is divided by 12?
11
What is the remainder when 37851 is divided by 490?
121
What is the remainder when 15095217 is divided by 12?
9
What is the remainder when 27966 is divided by 5070?
2616
What is the remainder when 77870 is divided by 1559?
1479
What is the remainder when 318479 is divided by 5395?
174
Calculate the remainder when 2178606 is divided by 81.
30
What is the remainder when 4981283 is divided by 87?
11
What is the remainder when 576747 is divided by 48055?
87
Calculate the remainder when 216400 is divided by 2930.
2510
Calculate the remainder when 32784 is divided by 2442.
1038
What is the remainder when 276097 is divided by 535?
37
What is the remainder when 1415829 is divided by 176927?
413
Calculate the remain